t l = 3 - d. List the prime factors of l.
7
Suppose -5 = -5*q + 20. Let l = q - 2. What are the prime factors of l?
3
Let q(v) = v**3 + 7*v**2 + 3*v - 3. List the prime factors of q(-4).
3, 11
Let y(o) = 11*o + 1. Let z be y(-6). Let l = z + 122. Suppose -4*i - 21 = -l. List the prime factors of i.
3
What are the prime factors of 97/(1 - 1/2)?
2, 97
Suppose -c - 6 = -0*c - 4*k, 12 = 5*c + k. Let v = -2 - -2. Suppose v = -y - 2*h, h + 9 = -y + c*y. List the prime factors of y.
2, 3
Let a(y) = y**2 - 9*y - 6. Let s be a(9). Let p = 9 + s. Suppose p*d = -d + 56. List the prime factors of d.
2, 7
Let h = 32 + 1. Suppose -5*q + 22 + h = 0. List the prime factors of q.
11
Let v(u) = 2*u**2 - 5*u + 6. Let b be v(6). Suppose j - 5*t = 1 - 22, -3 = 3*j - 3*t. Suppose -j*m + b = -m. List the prime factors of m.
2
Suppose 1 = 4*i - 11. Suppose i*g = -g + 20. Suppose g*b - 25 = 45. What are the prime factors of b?
2, 7
Suppose -6*c + 2*c + 5*y + 146 = 0, -2*y = -2*c + 72. What are the prime factors of c?
2, 17
Suppose p - 2*w - 3*w - 35 = 0, 0 = 5*p + 4*w - 233. List the prime factors of p.
3, 5
Suppose 4*g = 4*y + 3*g - 3, -y + 22 = 4*g. Let i be (-1*(y - 0))/2. What are the prime factors of -2 - (-6 - 1/i)?
3
Let c(i) = 8*i - 2. Let x(b) = b. Let j be x(3). Let y be c(j). Let n = 32 - y. List the prime factors of n.
2, 5
Let c be 2/(-7) + 93/7. Let m(u) = u**2 + 5*u + 5. Let l be m(-4). Suppose -c = -i - l. List the prime factors of i.
2, 3
Let y = -100 + 221. What are the prime factors of y?
11
Suppose 0*o = -o - 4*t - 6, 3*o - 4*t - 46 = 0. Suppose -5*d = o, 4*g + 3*d - 2*d = 10. Suppose 0 = -c - g*c + 48. List the prime factors of c.
2, 3
Let w(j) = 6*j**3 + 2*j**2 + 2*j + 9. Let b(t) = -5*t**3 - 3*t**2 - 3*t - 8. Let x(g) = 5*b(g) + 4*w(g). List the prime factors of x(-6).
2
Suppose 5*d + 2*j - 652 = 0, 5*j - 427 = 5*d - 1107. Suppose 3*w - d = -0*w. What are the prime factors of w?
2, 11
Let j(t) = 3*t**3 - 2*t**2 + t. Let v be j(1). Suppose -r + 2*r - v = 0. List the prime factors of r.
2
Let m(a) = 2*a**2 - 8*a - 2. Suppose 3*v - 18 = -0*v. List the prime factors of m(v).
2, 11
Suppose v - 3*v = -136. What are the prime factors of v?
2, 17
What are the prime factors of (18/(-4))/(((-1)/22)/1)?
3, 11
Suppose 37 - 61 = -y. What are the prime factors of y?
2, 3
Suppose -3*m - s = -57, -4*m - 3*s + 37 + 34 = 0. List the prime factors of (-8)/m + (-57)/(-5).
11
Let f(z) = 2*z + 0*z - 1 + z**2 - 3*z. List the prime factors of f(-4).
19
Suppose -2*u = 3*u. Suppose 3*g = 2*c - 98, c = -u*c - 4*g + 38. List the prime factors of c.
2, 23
Let g(q) = -3 + 0*q + q - 5*q. Let h be g(-3). Suppose -h = 3*c, 4*i + 3*c - 52 = -c. List the prime factors of i.
2
Let a(v) be the third derivative of -v**6/120 - v**5/60 + v**4/24 + 2*v**3 - 5*v**2. What are the prime factors of a(0)?
2, 3
Suppose -555 = -4*w + 3*m, 0 = 2*w - 0*w + m - 265. What are the prime factors of w?
3, 5
Let s be (-8)/6*6/4. Let q be 120/(-21) - s/(-7). What are the prime factors of 1*q*2/(-4)?
3
Let f be 2 + 2*2/(-4). What are the prime factors of (-21)/(-7) + 4*f?
7
Suppose -a - 2*a = 4*o - 534, o - 2*a = 139. What are the prime factors of o?
3, 5
Let i(h) = -h**3 + 4*h**2 - 3. Let k be i(3). What are the prime factors of (33/k)/(4/8)?
11
Suppose 2*c - 15 = -3*c. List the prime factors of (-1)/(c/78*-2).
13
Let p = -13 + 6. List the prime factors of -1*(1 + p)*1.
2, 3
Let z(b) = b - 1. Suppose 4*p = -p + 45. List the prime factors of z(p).
2
Suppose -5*o = -y - 1, 0 = o + 2*y + 3 - 1. Suppose k - 4 = o, 0*k + 12 = 2*l + k. List the prime factors of l.
2
Let c(v) = -2*v - 1. Let q be c(-3). Let r = 5 - q. Let b = r + 4. List the prime factors of b.
2
Suppose -6*z + 5*n = -2*z + 27, 0 = -3*z + 3*n - 18. List the prime factors of (z - (-3 - -2)) + 18.
2
Let n(i) = i + 8. What are the prime factors of n(10)?
2, 3
Suppose -3*a + 65 = 14. What are the prime factors of a?
17
Suppose r + 2*t - 7*t = 26, -r = 3*t - 18. Let o = r - -28. What are the prime factors of o?
7
Let w = 4 + 2. Suppose 3*r - 3 = w. Let q(l) = -l**2 + 6*l + 1. List the prime factors of q(r).
2, 5
Let r(j) = -j**3 - 8*j**2 + 8*j - 7. Let w be r(-9). Suppose -b = -w*b + 16. Suppose 3*s + 15 = 0, 0*v + 4*s = -v - b. What are the prime factors of v?
2
Suppose -u - p = -5, u - 6 = -2*p + 4. Let a(x) be the second derivative of -x**5/20 - x**3/6 + x**2 - 2*x. List the prime factors of a(u).
2
Let s(m) = 13*m - 2 + 0 + 3. What are the prime factors of s(1)?
2, 7
Let v = -7 + 11. Suppose g + 3 = 0, 25 = m + 3*g - v. What are the prime factors of m?
2, 19
Let d = -1 + -1. What are the prime factors of 8 - d/(-1 + 0)?
2, 3
Suppose 3*n + 0 - 12 = 0. List the prime factors of (-128)/6*(-6)/n.
2
Let h(m) = 2*m**2 - 5*m + 1. List the prime factors of h(-11).
2, 149
Let c = -29 + 87. List the prime factors of c.
2, 29
Suppose -1 = 4*u + 7. Let h = 1 - u. Suppose 0 = -4*r - q + 55, r + h*q - 60 = -4*r. List the prime factors of r.
3, 5
Let o(n) be the second derivative of -2*n**3/3 + n. Let g(q) = q**2 - 5*q - 8. Let x be g(6). What are the prime factors of o(x)?
2
Suppose 2*g = -0*g - 4*u - 6, -3*g - 3*u = 15. Let r(p) = -5 - 5*p - 2*p + 13 - p**2. List the prime factors of r(g).
2
Suppose -2*l = -3*l. Suppose 3*g - 12 = -u, -2*u + 5*g = -l*g - 24. List the prime factors of u.
2, 3
Let m = -12 + 17. Suppose 0 = 2*o - 7*o + m*f - 15, 0 = -4*o - 2*f + 6. What are the prime factors of (o - -1)*-1*-15?
3, 5
Suppose 2*u - 3*v = 105 - 38, 2*u - 62 = -2*v. List the prime factors of u.
2
Suppose 4*i = 1 + 7, -2*i - 11 = -5*t. What are the prime factors of 19*-1*(t + -4)?
19
Suppose -s = 4*s - 25. Suppose -s*o = -5*u + 47 + 48, u + 2*o - 34 = 0. List the prime factors of u.
2, 3
Let z(r) be the third derivative of r**6/120 - r**5/15 + r**4/12 - 2*r**3/3 + 4*r**2. Let s be z(4). Suppose 0 = -s*x + 18 + 22. List the prime factors of x.
2, 5
Let u(w) = w**3 - 3*w**2 + 2*w + 67. What are the prime factors of u(0)?
67
Suppose 1 - 35 = -i + 3*s, -3*s + 77 = 2*i. List the prime factors of i.
37
Let l = -57 - -136. What are the prime factors of l?
79
Let n = -53 + -17. List the prime factors of (-3 + (-15)/(-6))*n.
5, 7
Let w(l) = l**3 - 4*l**2 - l - 5. Let s be w(5). Suppose z + s = 6*z, z - 35 = -4*x. What are the prime factors of x?
2
Let v = 11 + -7. What are the prime factors of v?
2
Let x = 3 + 83. Suppose 5*a = 5*f + 65, -5*a - 4*f - 3 = -x. What are the prime factors of a?
3, 5
Suppose -2*q - 26 = -v + 6*v, 3*q = -2*v - 6. Let b(t) = t**3 + 7*t**2 + 5*t - 2. List the prime factors of b(v).
2
Let t(s) = -s**3 - 7*s**2 - 8*s - 7. Let x be t(-6). Suppose 21 = x*j - 14. What are the prime factors of j?
7
Let f be (-2 + 6/4)*0. Suppose 4*d + 9 + 13 = 3*n, -3*n + 3*d + 21 = f. What are the prime factors of n?
2, 3
Let y(x) = -x**3 - 11*x**2 + 8*x - 10. Let n be y(-12). Let s = n + -18. What are the prime factors of s?
2, 5
Suppose 0 = -0*a + 5*a - 65. What are the prime factors of a?
13
List the prime factors of 28/(-2)*(-3 - -1).
2, 7
Let q(r) be the first derivative of r**4/4 + 4*r**3 + 6*r**2 + 13*r + 1. Let u be q(-11). Suppose u*m - 25 = -7. List the prime factors of m.
3
Suppose -2*i + 0*i = 0. Suppose i = -5*m + 19 + 6. Suppose 2*f = 2*g - 16, 0*g = -m*g - 2*f + 40. What are the prime factors of g?
2
Suppose 0 = 2*w - 7*w - 15. What are the prime factors of 1 + 10 + -3 - w?
11
Let l(y) = 3*y - 3. Let i be (-1 - -2)/(1/5). What are the prime factors of l(i)?
2, 3
Suppose -3*x + 41 - 5 = 0. Let u = 4 + x. List the prime factors of u.
2
Suppose -94 = -0*a - 2*a. What are the prime factors of a?
47
Let h = 18 + -11. Let b = h + -3. Suppose -2*u + 4*a = b - 20, 0 = -3*a + 9. List the prime factors of u.
2, 7
Let d(h) = 6*h + 2. Let n be d(3). What are the prime factors of n/10*18/4?
3
Let l(v) = v**3 - 7*v**2 + v - 4. Suppose 0 = -3*a + 5*u + 59, 0*u + 5*u = 10. Suppose 2*i - 3*h = 2, -2*h + a = i + 2*h. List the prime factors of l(i).
3
Suppose -5 = -5*a + 3*a - 5*k, -2 = 5*a - 2*k. Let g(x) = -x**3 + x**2 + 28. What are the prime factors of g(a)?
2, 7
Let n(y) = 2*y**2 + 9*y - 1. What are the prime factors of n(-8)?
5, 11
Let c(b) = -12*b**3 + 3 - 7 + 3 - 7*b**3. List the prime factors of c(-1).
2, 3
Suppose -3 = -n - 2*n. Suppose -7*v + 4*v + 210 = 0